culate the remainder when 25 is divided by v.
11
Suppose 4*w = -2*p + 130 - 8, 0 = -5*p + 3*w + 279. Let q = 105 - 90. Calculate the remainder when p is divided by q.
12
Let g(o) = -8*o + 11. Let i(k) = -23*k + 34. Let w(d) = 11*g(d) - 4*i(d). Calculate the remainder when 38 is divided by w(7).
12
What is the remainder when 91 is divided by (-621)/(-36) - -6 - 1/4?
22
Let f(o) = o**3 + 6*o**2 + 3*o - 7. Let b = 18 + -10. Calculate the remainder when b is divided by f(-5).
2
Let a(y) = 12*y**2 - y + 1. Let u be 2/8*(-2 - -6). What is the remainder when 33 is divided by a(u)?
9
Suppose 42 - 72 = -5*c. Calculate the remainder when (-20)/(-6)*24/5 is divided by c.
4
Suppose -a = -6*a + 405. What is the remainder when a is divided by 21?
18
Suppose 0*l = -3*l + d + 88, 5*l - d - 146 = 0. Calculate the remainder when l is divided by 3/(-6) + 62/4.
14
Suppose 0 = -3*w - 0*s + 2*s + 2, -w + 4*s + 4 = 0. Suppose -27 = -3*q - w*q. What is the remainder when 26 is divided by q?
8
Suppose b - 12 = -5*r, b - 18 = -3*r + 4*b. Suppose 3*x - 4*f = 19, -2*f + 14 = 3*x + 1. Suppose -2*v + 5 = -x. What is the remainder when v is divided by r?
2
Let m = 2 - -60. Calculate the remainder when m is divided by 11.
7
Suppose 3*k - 17 = 40. Suppose -f + 5 + 60 = 5*o, -2*o + f = -k. Calculate the remainder when 23 is divided by o.
11
Suppose -14*z = -11 - 73. Let n(m) = -2*m + 5. Calculate the remainder when n(-5) is divided by z.
3
Let h(t) = 2*t**2 - 6*t + 3. Let j = 19 + -12. Suppose 0 = z - q - j, -3*z - 3*q - 6 = -z. What is the remainder when h(4) is divided by z?
2
Suppose -i - 2*k = -31 + 6, 65 = 2*i + k. Let y = 17 + -8. Calculate the remainder when i is divided by y.
8
Let g(s) = -s**2 - 18*s - 13. Calculate the remainder when 54 is divided by g(-16).
16
Let j = 28 - 23. Calculate the remainder when 33 is divided by j.
3
Let s(j) = -2*j - 8. Let o be s(-6). Suppose 0 = -o*t - a + 92, a = 5*a. Calculate the remainder when t is divided by 8.
7
Let k(r) = -1 - 7*r - 4*r + 8*r**2 + r**3 + 0. Suppose 3*b - 6 = 12. What is the remainder when k(-9) is divided by b?
5
Let k(t) = -t**3 + 17*t**2 + 19*t - 6. What is the remainder when 59 is divided by k(18)?
11
Let p = -35 + 64. What is the remainder when p is divided by 10/(1 + 0 - 0)?
9
Suppose -5*t + 0*t + 335 = 0. Suppose 213 - 29 = 4*b. Suppose j - b = -j. Calculate the remainder when t is divided by j.
21
Let g be (-5 - -8)/(3/(-2)). What is the remainder when 63 is divided by 15 - -1*(3 + g)?
15
Let c = -26 + 30. What is the remainder when c is divided by 4?
0
Suppose 85 + 0 = 5*q. Suppose 0 = 2*f + 3*v + q - 68, -4*v = -2*f + 30. Calculate the remainder when f is divided by 6.
3
Suppose 5*x + 1 = -3*o, 2*o - 28 = o + 4*x. Let s = 51 + -37. Calculate the remainder when s is divided by o.
6
Let a = 0 + 8. Suppose 4*k - a = -0*k. Calculate the remainder when 5 is divided by k.
1
Suppose 0*x = -5*x + 95. Calculate the remainder when 73 is divided by x.
16
Calculate the remainder when 6/(-10)*75/(-3) is divided by 8.
7
Let s = -2 + 6. Suppose -g + 4 = 3*p - 14, s = -2*g + 2*p. What is the remainder when 7 is divided by g?
1
Suppose 3*q + 9 - 204 = 0. Let x(d) = d**2 + d - 8. What is the remainder when q is divided by x(-6)?
21
Suppose -5*l + 86 = 5*z - 29, 2*z = -5*l + 103. Let q(b) = b**3 - 13*b**2 + 2*b - 15. Calculate the remainder when l is divided by q(13).
8
Suppose 4*z - 14 = 66. What is the remainder when 58 is divided by z?
18
Let l(c) = -c**3 - 4*c**2 + 7*c - 8. What is the remainder when l(-6) is divided by 12?
10
Suppose 5*k - 2*w - 120 = -0*w, 0 = -5*k - 2*w + 100. Let c = 5 - 4. Suppose 5*u - c = 59. Calculate the remainder when k is divided by u.
10
Let v(m) = m**2 - 6*m - 10. What is the remainder when v(-8) is divided by 26?
24
Let i(n) = -n**2 + 8*n + 15. Let v(u) = -u**3 - 6. Let x be v(0). Calculate the remainder when i(8) is divided by ((-4)/x)/(4/48).
7
Let i = -28 - -40. What is the remainder when 95 is divided by i?
11
Let k(z) = 183*z**2 + 2*z + 3. Calculate the remainder when k(-1) is divided by 31.
29
Suppose -2*g = -g - 3. Suppose -4 = g*k - 5*z, 4*k + 4*z = k + 14. Suppose c + k*w - 1 = w, 5*w = -4*c. What is the remainder when 14 is divided by c?
4
Let y = -24 - -37. What is the remainder when (48/10)/((-3)/(-15)) is divided by y?
11
Let c(f) = 6*f - 3. What is the remainder when c(5) is divided by (-4 + 1)*(-1 + -1)?
3
Let x(n) = n**3 + 12*n**2 - 13*n + 17. Calculate the remainder when x(-13) is divided by 10.
7
Let y(w) = -w**3 + 8*w**2 - 7*w + 2. Suppose -g = -5*v + 30, g - 26 = -4*v + v. Let t be y(v). Calculate the remainder when 29 is divided by (6 - 0)/(t/5).
14
Let g = 42 - 40. Calculate the remainder when 4 is divided by g.
0
Let v(b) = b**3 - 5*b**2 - 5*b - 4. Let d(t) = -t**3 - 5*t**2 - 5*t + 2. Let u be d(-4). Let g = 9 - 6. What is the remainder when g is divided by v(u)?
1
Let j = -5 + 8. Calculate the remainder when 6 is divided by j.
0
What is the remainder when (6 + 2)/(((-52)/(-8))/13) is divided by 6?
4
What is the remainder when (-20)/(-30) + 74/6 is divided by 8?
5
Let p be 1*-2 + -12 + 74. Suppose 2*y + 3*y - p = 0. Let c = 57 + -34. Calculate the remainder when c is divided by y.
11
Let b(a) = -a + 23. What is the remainder when 15 is divided by b(17)?
3
Let j = 70 + 52. Suppose -6*u + u + 155 = 0. Calculate the remainder when j is divided by u.
29
Let h(q) = 11*q - 17. Calculate the remainder when 150 is divided by h(5).
36
Let c(f) = -f**3 + 6*f**2 - 2*f + 4. Let i be c(5). Let o = i - 13. Calculate the remainder when 17 is divided by o.
5
Suppose 0 = 5*o - 15, -4*o + 12 - 4 = -2*f. Suppose 3*n = 6*n - 6. What is the remainder when n is divided by f?
0
Let h(u) be the first derivative of 59*u**2/2 - 4. What is the remainder when h(1) is divided by 20?
19
Let c = 24 - -16. Suppose 0 = -4*z + 7 + 9. Suppose -8 = -2*x + z*o, -2*x = -5*o + 2 - 5. What is the remainder when c is divided by x?
12
What is the remainder when (-5)/4*(11 - 59) is divided by 32?
28
Let i(u) = -u**2 + 20*u + 21. What is the remainder when 59 is divided by i(20)?
17
Suppose -5*g + 106 = -2*g - 2*o, -4*o = 2*g - 60. Let r = g + -18. What is the remainder when 47 is divided by r?
15
Suppose 0 = 3*f - 19 - 8. Calculate the remainder when f is divided by 5.
4
Suppose -6 = -s + 4*n + 3, 2*s = n - 3. Let j(r) = 3*r + 4. Calculate the remainder when j(5) is divided by 2/s + (-34)/(-6).
4
Let u(o) = 2*o**3 - 3*o**2 + 4*o - 3. Suppose 2*x = 5*x - 48. What is the remainder when x is divided by u(2)?
7
Suppose 0*a + 5*a - 25 = 0, 5*z - 3*a - 75 = 0. Calculate the remainder when 53 is divided by z.
17
Let b(x) = x - 7. Let a be b(9). Let v be 0 + a/(-3)*-3. Suppose d + 2*d - 4*o = 34, -3*o = v*d. What is the remainder when d is divided by 4?
2
Let b(s) = 8*s + 1. Let o = 16 - 10. Calculate the remainder when b(2) is divided by o.
5
Suppose c - 9 - 14 = 0. Let t(y) = -y**3 - 25*y**2 - 23*y + 30. Calculate the remainder when c is divided by t(-24).
5
Let x = -100 + 109. What is the remainder when 10 is divided by x?
1
Suppose 11*n = 6*n + 45. What is the remainder when 1/2 + 58/4 is divided by n?
6
Suppose 3*n = -2 - 13. Let m(f) = -f**3 - 4*f**2 - f - 2. Calculate the remainder when 54 is divided by m(n).
26
Let c = -1 + 3. Suppose -c*u + 5*k + 8 = -21, -2*k = u + 8. Suppose -u*b - 2*s = 2*b - 52, 0 = -s - 2. What is the remainder when b is divided by 8?
6
Suppose -23 + 147 = 2*x. Let p = 7 + -39. Let h = x + p. Calculate the remainder when h is divided by 8.
6
Let b = -102 - -190. Calculate the remainder when b is divided by 13.
10
Calculate the remainder when (-15)/6*42/((-3)/3) is divided by 18.
15
Let h = 4 - -3. What is the remainder when 11 is divided by h?
4
Suppose 0 = -3*n + 2*f - 3*f + 12, 0 = -4*f. Suppose -5 = -4*s - k + 5, 5*k - 8 = s. Calculate the remainder when n is divided by s.
0
Suppose -2*g + f + 141 = -237, 4*f = 0. Calculate the remainder when g is divided by 38.
37
Suppose -3*c + 13 - 1 = 0. Suppose 0 = -7*i + 3*i + y + 48, 0 = c*i - 2*y - 52. What is the remainder when 43 is divided by i?
10
Suppose 3*r + 24 = 4*r. Calculate the remainder when 94 is divided by r.
22
Let k(r) = -r**3 + 5*r**2 - 2*r + 9. Let p be k(6). Let l = -26 - p. What is the remainder when 23 is divided by